ue
Is 34653239 composite?
True
Is 719013 composite?
True
Is 53066453 prime?
False
Is 80216359 composite?
False
Is 10963669 composite?
False
Is 67555133 a prime number?
True
Is 339024059 a prime number?
False
Is 637751 a prime number?
True
Is 8191189 a prime number?
True
Is 2802379 prime?
False
Is 11862278 prime?
False
Is 11583263 composite?
False
Is 33201359 composite?
True
Is 5506553 composite?
True
Is 26403731 a composite number?
True
Is 2914343 prime?
False
Is 244716722 a composite number?
True
Is 85001443 a composite number?
False
Is 86435383 a prime number?
True
Is 4813027 prime?
True
Is 15173395 a composite number?
True
Is 46773803 prime?
True
Is 899729 prime?
False
Is 160093979 a prime number?
True
Is 23148523 a prime number?
True
Is 207239951 prime?
True
Is 10985393 prime?
False
Is 20051413 a composite number?
True
Is 8546567 a prime number?
False
Is 404941 composite?
False
Is 10641431 composite?
True
Is 8598055 composite?
True
Is 967073 a composite number?
True
Is 1440119 a composite number?
False
Is 18157409 a prime number?
False
Is 16258465 a prime number?
False
Is 2295053 a prime number?
True
Is 6473629 a prime number?
True
Is 85269491 composite?
False
Is 534746 a composite number?
True
Is 799517393 prime?
False
Is 6903227 a composite number?
False
Is 119668121 a composite number?
False
Is 63207251 a prime number?
True
Is 197599433 a composite number?
False
Is 27500401 a composite number?
False
Is 18244333 composite?
False
Is 74474383 a prime number?
True
Is 6586453 prime?
True
Is 109518215 a prime number?
False
Is 94213831 a composite number?
False
Is 3070489 prime?
False
Is 47574283 a prime number?
False
Is 53572099 a composite number?
True
Is 3611477 a prime number?
True
Is 5909567 prime?
True
Is 3576593 prime?
True
Is 27819331 composite?
False
Is 47905727 prime?
True
Is 167361 prime?
False
Is 11608469 composite?
True
Is 916987 prime?
False
Is 94681991 a prime number?
False
Is 18115667 composite?
False
Is 17929897 composite?
False
Is 37593449 a prime number?
True
Is 40140493 composite?
False
Is 62151569 composite?
False
Is 8564909 composite?
False
Is 53903743 a composite number?
True
Is 1960165 a prime number?
False
Is 65841343 prime?
True
Is 85424741 composite?
True
Is 2572943 composite?
True
Is 134162879 a composite number?
False
Is 971093 prime?
True
Is 11712403 a prime number?
False
Is 1034623 a composite number?
True
Is 25956493 a prime number?
True
Is 867421 a composite number?
True
Is 78314261 a composite number?
True
Is 8379733 a prime number?
False
Is 38730829 a composite number?
False
Is 524077487 a composite number?
False
Is 138729161 composite?
False
Is 45826331 a composite number?
False
Is 5711891 a prime number?
True
Is 327917 a composite number?
False
Is 25565431 prime?
False
Is 1515049501 a prime number?
False
Is 1172489 a prime number?
False
Is 4338083 prime?
True
Is 5682631 a composite number?
False
Is 4541885 composite?
True
Is 16147211 composite?
False
Is 9533851 a prime number?
True
Is 245587 composite?
False
Is 7784113 composite?
True
Is 21625729 prime?
True
Is 60839447 a composite number?
True
Is 20755731 prime?
False
Is 4364267 a composite number?
False
Is 59215379 composite?
False
Is 2268371 composite?
True
Is 231363611 composite?
True
Is 6193043 a prime number?
True
Is 8024117 composite?
False
Is 8669683 a prime number?
False
Is 507792695 a composite number?
True
Is 5888787 a composite number?
True
Is 16271 a prime number?
False
Is 59075189 a prime number?
False
Is 3765479 a composite number?
True
Is 14983 prime?
True
Is 2339959 composite?
True
Is 1338779969 a prime number?
True
Is 320182873 prime?
True
Is 53507669 a composite number?
False
Is 2050361 prime?
True
Is 79013851 a prime number?
False
Is 2335939 a prime number?
False
Is 52213285 a composite number?
True
Is 304211695 prime?
False
Is 55166141 prime?
True
Is 1696612655 composite?
True
Is 25289393 a prime number?
False
Is 3981913 composite?
True
Is 28845347 prime?
True
Is 57000761 composite?
False
Is 71201437 prime?
False
Is 48857681 a composite number?
True
Is 53177203 a prime number?
True
Is 190243 composite?
False
Is 13199941 prime?
False
Is 87296021 a prime number?
False
Is 353527 a prime number?
True
Is 10077791 prime?
False
Is 406792511 composite?
False
Is 32741 a prime number?
False
Is 30679669 composite?
False
Is 51240023 a prime number?
False
Is 726076783 a composite number?
True
Is 168698935 prime?
False
Is 40676817 prime?
False
Is 13407007 prime?
False
Is 716827 prime?
True
Is 54733083 prime?
False
Is 406047539 prime?
True
Is 14911459 a prime number?
True
Is 24657979 a composite number?
False
Is 4883169 composite?
True
Is 2287739 composite?
False
Is 4026889 a composite number?
False
Is 24459139 a prime number?
True
Is 64084369 composite?
False
Is 445954403 a prime number?
True
Is 9783421 a composite number?
True
Is 2745437 a prime number?
False
Is 28429451 composite?
False
Is 694151 prime?
False
Is 82224071 a prime number?
False
Is 407557 composite?
True
Is 5167091 a prime number?
False
Is 270771899 composite?
False
Is 2820991 a prime number?
False
Is 2255291 prime?
True
Is 30594727 a composite number?
True
Is 230424163 a composite number?
True
Is 4391303 a prime number?
False
Is 28733717 a composite number?
False
Is 3872359 prime?
True
Is 11523271 a prime number?
True
Is 5490365 a composite number?
True
Is 10266511 prime?
True
Is 52137119 a composite number?
True
Is 4278871 a prime number?
False
Is 86476673 a prime number?
False
Is 54731417 a composite number?
True
Is 2081237 a composite number?
False
Is 64825333 a prime number?
True
Is 5380003 a composite number?
False
Is 173436841 composite?
False
Is 95288657 composite?
False
Is 38594533 prime?
True
Is 2836921 a prime number?
False
Is 85139731 prime?
False
Is 2312249 a prime number?
True
Is 12821189 a composite number?
True
Is 1642411 a prime number?
False
Is 11114137 composite?
True
Is 76855511 a composite number?
False
Is 228516373 prime?
True
Is 130640893 prime?
True
Is 6707791 composite?
True
Is 25798907 prime?
False
Is 437565581 composite?
False
Is 15668309 a composite number?
False
Is 17862731 a composite number?
False
Is 95655913 a prime number?
True
Is 205892311 a composite number?
False
Is 94312931 a prime number?
True
Is 53069 a composite number?
False
Is 8600881 prime?
True
Is 5413574 composite?
True
Is 962279 prime?
False
Is 409083 a prime number?
False
Is 793397141 a prime number?
True
Is 54106967 a prime number?
True
Is 2504293 composite?
True
Is 52597163 prime?
False
Is 1556539 prime?
False
Is 1593721 a prime number?
False
Is 3883778 composite?
True
Is 3882293 prime?
False
Is 12435167 a composite number?
False
Is 2677161 a prime number?
False
Is 2735257 prime?
False
Is 105451849 prime?
False
Is 945467521 a composite number?
False
Is 69270611 composite?
False
Is 3806443 a prime number?
False
Is 2824499 composite?
True
Is 11093983 composite?
False
Is 5951633 prime?
True
Is 34671797 prime?
False
Is 152112341 composite?
False
Is 566911 prime?
True
Is 3650473 a prime number?
False
Is 117559877 composite?
True
Is 5563721 composite?
False
Is 6900679 a composite number?
False
Is 17008571 prime?
True
Is 3502873 composite?
True
Is 1306717 prime?
True
Is 155486791 prime?
True
Is 13984301 prime?
True
Is 45568501 a prime number?
False
Is 24456083 prime?
True
Is 42072169 composite?
True
Is 12906779 prime?
True
Is 60544937 prime?
True
Is 14206177 a prime number?
False
Is 29849377 a prime number?
False
Is 6340297 prime?
True
Is 225984211 prime?
False
Is 72397565 prime?
False
Is 15426829 a composite number?
True
Is 316753 composite?
False
Is 15731 a composite number?
False
Is 1629499 a composite number?
True
Is 18078401 prime?
False
Is 741031 prime?
True
Is 26711315 prime?
False
Is 16592486 a composite number?
True
Is 20579123 a prime number?
True
Is 930301 a prime number?
True
Is 8477457 a prime number?
False
Is 14447029 a composite number?
False
Is 109614019 composite?
False
Is 1932317 a prime number?
True
Is 533909 a composite number?
False
Is 123787 prime?
True
Is 262185263 a composite number?
True
Is 286017257 composite?
True
Is 65509 prime?
False
Is 30222547 a composite number?
False
Is 1354453 a composite number?
True
Is 135660547 a composite number?
True
Is 2461139 compo